
3, 17
Let r be 3 + 21/3*4. Let t = r + -26. Let l(y) = 2*y**3 - 7*y**2 + y - 12. List the prime factors of l(t).
2, 17
Let s(u) = -4*u + 4. Let f(o) = -o**3 + 8*o**2 + o - 11. Suppose 3*c - 20 = 4. Let i be f(c). List the prime factors of s(i).
2
Let t = 1570 - 1063. List the prime factors of t.
3, 13
Let f be ((-60)/(-18))/((-4)/(-6)). Suppose -3*v - 176 = -6*v + 5*b, f*v - 288 = 3*b. List the prime factors of v.
3, 19
Let j = 46 - -7. Let l = -15 + j. What are the prime factors of l?
2, 19
Let a be (-22)/(-10) + 20/(-100). Let g(s) = 9*s**3 - 2*s**2 - 2. List the prime factors of g(a).
2, 31
Let c = 350 - -475. What are the prime factors of c?
3, 5, 11
Let v be (8/(-6))/(7/(-42)). Suppose 2*g - v*g + 30 = 0. Suppose 84 + 1 = g*x. List the prime factors of x.
17
Suppose -3*s + 234 = -0*s + 2*m, 2*s - 156 = 3*m. Let p = -6 + s. List the prime factors of p.
2, 3
Suppose -3*v = -93 - 192. Suppose 4*i - v = -c, 3*c + c + 3*i - 380 = 0. What are the prime factors of c?
5, 19
Let c(z) = z**3 - 18*z**2 - 25*z + 6. Let r(q) = 6*q**3 - 90*q**2 - 125*q + 29. Let u(s) = 11*c(s) - 2*r(s). What are the prime factors of u(-17)?
2, 3
What are the prime factors of ((-7180)/(-40))/(3/6)?
359
Let t(q) be the first derivative of -2*q**3 - 15*q**2/2 - 6*q - 1. Let k(o) be the first derivative of t(o). What are the prime factors of k(-7)?
3, 23
Suppose 14 - 94 = -2*i. Let w = 23 - 6. Let y = i - w. What are the prime factors of y?
23
List the prime factors of (-1)/((2/(-8))/(163485/252)).
3, 5, 173
Let w = -80 - -114. Let n = w + 40. List the prime factors of n.
2, 37
Let l(v) = v - 1. Let y(d) = -23*d + 11. Let t(u) = 6*l(u) + y(u). List the prime factors of t(-2).
3, 13
Suppose 2*v + 2*x = -10, 0 = 5*v + 3*x - 2*x + 5. Let h = v - -9. What are the prime factors of h?
3
Let r(s) = -11*s + 14. Let w be r(-6). Suppose -3*v + w = 2*y, -4*v - 3*y - 2*y = -95. What are the prime factors of 386/v - 6/(-45)?
13
Suppose 1125 = -s + 10*s. What are the prime factors of s?
5
Let q = 1 + 0. Suppose 2*b = 3*g - 11, 4*g - 3*g + q = -4*b. List the prime factors of b + 3/(6/44).
3, 7
Let r(p) = 55 + 6*p - 3*p + 4*p + 4*p. List the prime factors of r(13).
2, 3, 11
Let z = 388 - -243. List the prime factors of z.
631
Let z(o) = 34*o**2 - 1. Let f be 4/(-14) + 2/7. Suppose 2*k + 2 - 4 = f. What are the prime factors of z(k)?
3, 11
Let l(v) = -5*v**2 + 121*v**3 - 55*v**3 + 4*v**2. What are the prime factors of l(1)?
5, 13
Let v be -4*16/6*(21 + -15). List the prime factors of ((-60)/16)/(-2 - 122/v).
2, 5
Suppose 0*x + 5*x + 15 = 0. Let q be 6*((-99)/(-6))/x. List the prime factors of q*(-3 - (-5 + 3)).
3, 11
List the prime factors of 9/(-6)*2/(-3) + 303.
2, 19
Suppose -3533 = -5*c + 3102. List the prime factors of c.
1327
What are the prime factors of 5 - (-16)/(-2) - -1686?
3, 11, 17
Let p(f) = -3*f**3 + 157*f + 2 - 3*f**2 + 4*f**3 - 156*f. What are the prime factors of p(3)?
5
Let m be 5/(5/2842) - 2. Suppose 7*i + 3*i = m. List the prime factors of i.
2, 71
Let y be 0 + (-5)/((-15)/816). Let k = 550 - y. List the prime factors of k.
2, 139
Let h(x) = -18*x**2 + 7*x + 14. Let q(c) = 17*c**2 - 6*c - 13. Let p(t) = -3*h(t) - 4*q(t). Let j be p(-3). Let k = j + 185. What are the prime factors of k?
2, 3, 5
Let k be 1/(4/153)*8. Suppose -3*b - k = -6*b. List the prime factors of b.
2, 3, 17
Let c = -212 + 436. Suppose -v + t - 230 = -5*v, 0 = -4*v - 4*t + c. List the prime factors of v.
2, 29
Let n = -8630 - -12439. What are the prime factors of n?
13, 293
Let k(g) = -623*g + 9. Let c be k(-1). What are the prime factors of (c/(-24))/(1/(-3))?
79
Suppose 0 = 131*y - 134*y + 318. List the prime factors of y.
2, 53
Let d = 11 + -1. Suppose 2*a = 2*c - 24, -2*c + 50 = -4*a + c. List the prime factors of (a*1)/(d/(-35)).
7
Let n be 32/(-24) + 80/6. Let h = n - -124. List the prime factors of h.
2, 17
Let h be ((-8)/6)/((-10)/45). Let v(t) = -9 + h - t**3 + t**2 + 4*t**2 + 9*t. What are the prime factors of v(6)?
3, 5
Let r(d) = 7*d**2 - 5*d - 14. What are the prime factors of r(8)?
2, 197
Let c(j) = j**3 - 22*j**2 + 28*j + 33. Let f be c(20). Let s = f + 445. What are the prime factors of s?
2, 7, 17
Let i = 30 - 28. Suppose i*x + 688 = 10*x. What are the prime factors of x?
2, 43
Let u(m) be the first derivative of 25*m**2 + 3*m + 13. List the prime factors of u(3).
3, 17
Let g = -7 + 9. Suppose g*x - 1 = 5. Suppose 3*t + t + s - 69 = 0, -4*s + 42 = x*t. List the prime factors of t.
2, 3
Suppose 7*f - 4*m - 68 = 3*f, -m + 49 = 2*f. Let u = 11 + f. List the prime factors of u.
3, 11
Suppose -5*i + 2128 = -2*n, -3*i - 2*n = 2*n - 1282. Suppose -4*h + 2*x = i, -531 = 6*h - h - 2*x. Let b = -69 - h. What are the prime factors of b?
2, 3
Suppose 0 = -h - 0*h + 66. Suppose -2*j + 66 = -3*v, 2*j + 2*v + 0*v = h. Suppose 2*z - 4*s - 18 = 0, 0 = -4*z - z - 2*s + j. List the prime factors of z.
7
Suppose 17*z - 5*z = 3204. What are the prime factors of z?
3, 89
Let d = -122 + 119. What are the prime factors of 3/(-12) - ((-2961)/(-12))/d?
2, 41
Let d be 2521/3 - (-4)/6. Suppose d = 4*u + 293. What are the prime factors of u?
137
Let z = -432 + 469. Suppose 2*q + 4*l = -4, 5*q = l - 0 + 12. Suppose -q*d = -33 - z. What are the prime factors of d?
5, 7
Let u be 2*(-1)/1*-5. Suppose 2*o - 5*x = -u*x - 22, -4*x + 22 = -5*o. List the prime factors of 4/o*741/(-26).
19
Suppose -2*o = -w + 1, o = 2*w - 3 - 2. Suppose w*n = 5*n - 174. What are the prime factors of n?
3, 29
List the prime factors of 20 + (-10 - -2) + 2168.
2, 5, 109
Let h(d) = d + 50. Let l be h(22). Suppose -171 = -0*i - 3*i - 3*z, i - l = -4*z. List the prime factors of i.
2, 13
Suppose 21*n + 236 = 971. Let d = 78 - 45. Let l = n - d. List the prime factors of l.
2
Let t be (-1 - -2) + -2 + 6. Suppose -3*m = -3*k + 5*k - 818, 5 = t*k. List the prime factors of m.
2, 17
Let p be 908/(8/(-14)*56/(-16)). Suppose -3*q + p = -3*y - y, -2*q = 4*y - 276. List the prime factors of q.
2, 73
Suppose 30 = 2*k + 2*f + 2*f, 4*k + 4*f - 44 = 0. Suppose -k*h + 9*h - 102 = 0. List the prime factors of h.
3, 17
Suppose 0 = o + 10 + 29. List the prime factors of (-3679)/o + 2/(-6).
2, 47
Let o = 866 + -400. Suppose 4*g + 6*n - 5*n = 941, -2*g - 2*n = -o. Suppose 12*i - 8*i = g. List the prime factors of i.
59
Let m(t) = -t**3 - 7*t**2 - 6*t + 3. Let l be m(-6). Suppose 3*y + y - 166 = l*c, 4*y + 330 = -5*c. Let k = c + 96. What are the prime factors of k?
2, 17
Let q = 97 - -124. List the prime factors of q.
13, 17
Let f(z) = z**2 + 3. Let g be f(0). Let a be ((-4)/(-4))/(5/180). Suppose -5*s = 2*d - 151 + a, 162 = g*d - 3*s. What are the prime factors of d?
5, 11
Let i be (-12*8/(-112))/((-2)/(-14)). Let l(w) = 3*w + 4. Let v(b) = b**2 - b + 1. Let o(t) = -l(t) + v(t). What are the prime factors of o(i)?
3
Let v be 1 + (10 - (-1)/1). Suppose 44 = 3*g - o, 2*o - 2 + v = 0. List the prime factors of g.
13
Suppose -4*b - 5*o = -30, 2*b + 5*o - 35 = -3*b. Suppose -5*y + 2*d + 81 = 4*d, 3*d = b*y - 91. What are the prime factors of y?
17
Suppose 4*p - 10343 = 3253. List the prime factors of p.
3, 11, 103
Suppose -3*y - 23 = 2*j, -2*j - j - 5*y = 36. Let q(z) = z**2 + 5*z + 31. What are the prime factors of q(j)?
3, 5
Let f(d) = -35*d + 2 - 4 + d**2 + 29*d. List the prime factors of f(-4).
2, 19
Suppose 2*o = 6*o + 12. Let f be (-30)/(-8) + o/(-12). Suppose 2*q - 32 = 4*w, -w - f*w - 105 = -5*q. List the prime factors of q.
2, 13
Let k(h) be the third derivative of 4*h**5 - h**4/8 - 39*h**2. List the prime factors of k(1).
3, 79
Let t = 4118 + -1668. List the prime factors of t.
2, 5, 7
Suppose 1961 = 2*m + 5*a, 2*m - 2639 = 5*a - 708. What are the prime factors of m?
7, 139
Let r = 2398 - 1704. List the prime factors of r.
2, 347
Let n be (-1 + 0)*(4 - (4 + -6)). Let b(u) = -9*u - 17. List the prime factors of b(n).
37
Suppose -2*d - 172 = 76. Let k = 178 + d. What are the prime factors of k?
2, 3
Suppose -36*h = 15*h - 98634. List the prime factors of h.
2, 967
Suppose 0 = 60*h - 50*h - 30920. What are the prime factors of h?
2, 773
List the prime factors of (-1)/2 + (-39)/26 + 694.
2, 173
Let q = 889 + -450. What are the prime factors of q?
439
Let o(n) = -n**2 - 9*n + 2. Let b be o(6). List the prime factors of 1 + 4 + -2 - (b + -3).
2, 47
Let w =